= 4*p - 60. Give i(24).
36
Let h(p) = -p**2 - 9*p - 7. Determine h(-12).
-43
Let g(l) = 3*l**2 - 6*l - 7. Calculate g(-2).
17
Let n(i) = -i + 8. Give n(1).
7
Let l(r) = -31*r + 221. Give l(6).
35
Let o(x) = -x**2 + 5*x + 5. Calculate o(-2).
-9
Let u(p) = -9*p**2 - 16*p - 7. Determine u(-5).
-152
Let x(m) = m**2 - 7*m - 91. Give x(14).
7
Let b(n) = 3*n + 14. Give b(-8).
-10
Let z(j) = -j**3 + 48*j**2 - 90*j - 93. Calculate z(46).
-1
Let g(h) = h**3 - 12*h**2 + 14*h - 24. Determine g(11).
9
Let a(v) = 5*v**2 + 4*v - 4. What is a(2)?
24
Let i(j) = -12*j + 31. What is i(2)?
7
Let b(i) = -i**3 + 9*i**2 - 4*i + 32. Determine b(9).
-4
Let n(g) = -g**2 - 3*g + 4. Determine n(4).
-24
Let u(w) = -w**3 + 6*w**2 + 4*w - 3. Determine u(6).
21
Let h(f) = -17*f + 102. Give h(6).
0
Let a(f) = 3*f + 3. What is a(23)?
72
Let x(z) = z**2 - 14*z + 2. What is x(14)?
2
Let q(i) = -45*i**2 - 1. What is q(-1)?
-46
Let t(c) = -4*c + 20. Calculate t(-12).
68
Let j(p) = 4*p + 71. Calculate j(-11).
27
Let f(g) = 30*g - 7. Determine f(-1).
-37
Let k(z) = -26*z**3 + z**2 - 2*z + 2. Calculate k(1).
-25
Let k(c) = -2*c**2 + 12*c - 5. What is k(5)?
5
Let w(g) = 5*g. Give w(-3).
-15
Let n(p) = -p**3 - 6*p**2 + 5*p + 8. Determine n(-7).
22
Let w(u) = -u**3 - 2*u - 3. What is w(0)?
-3
Let w(t) = t**2 - 19*t - 4. Give w(19).
-4
Let b(w) = w + 1. Give b(-7).
-6
Let o(j) = j - 10. Calculate o(4).
-6
Let a(z) = 4*z**2 + 9*z + 4. What is a(-4)?
32
Let d(l) = l**2 + 9*l + 10. What is d(-7)?
-4
Let r(g) = -43*g + 118. What is r(4)?
-54
Let u(b) = b**3 - 5*b**2 - 7*b + 4. Calculate u(7).
53
Let d(q) = q**3 - 12*q**2 + 33*q + 7. Calculate d(8).
15
Let u(m) = 4*m - 10. What is u(0)?
-10
Let k(y) = -y**3 + 42*y**2 - 4*y + 165. Calculate k(42).
-3
Let q(k) = 4*k - 19. Give q(8).
13
Let j(r) = -4*r**2 + 3*r - 2. Give j(-2).
-24
Let b(y) = 10*y + 49. Give b(-5).
-1
Let l(r) = -r - 1. Give l(7).
-8
Let a(r) = 2*r**2 + 56*r - 64. Determine a(-29).
-6
Let q(x) = 3*x + 35. Calculate q(-11).
2
Let z(p) = p + 6. Calculate z(5).
11
Let d(k) = 3*k - 90. Determine d(18).
-36
Let c(p) = -3*p**2 - p - 3. What is c(-3)?
-27
Let w(i) = 2*i**2 - 3*i + 1. Give w(3).
10
Let h(y) = -10*y**2 - 1. What is h(-1)?
-11
Let r(n) = n**2 - 15*n - 4. Give r(11).
-48
Let k(h) = -8*h + 24. What is k(6)?
-24
Let h(w) = 2*w + 28. Determine h(34).
96
Let z(d) = d - 10. Determine z(2).
-8
Let y(r) = -r**2 + 27*r - 78. Calculate y(24).
-6
Let u(y) = -y - 20. Calculate u(9).
-29
Let t(g) = g**3 + 8*g**2 - 4. Determine t(-8).
-4
Let t(j) = -18*j**3 - 2*j**2 + j + 4. Determine t(-1).
19
Let k(x) = x + 9. Determine k(7).
16
Let a(r) = -r**3 + 17*r**2 + 20*r - 38. Give a(18).
-2
Let k(w) = 2*w - 73. Determine k(17).
-39
Let x(q) = -11*q**2 + 42*q + 5. Determine x(4).
-3
Let c(y) = -y**2 + 2*y + 8. What is c(-2)?
0
Let c(j) = 2*j**2 + 17*j. What is c(-10)?
30
Let j(l) = l + 12. Give j(-11).
1
Let q(b) = 4*b**2 + 2*b - 1. Determine q(1).
5
Let h(b) = b**2 + 11*b + 17. What is h(-11)?
17
Let s(p) = -p**2 - 7*p + 4. Determine s(-8).
-4
Let o(r) = -2*r**2 - 4*r + 7. What is o(-3)?
1
Let c(i) = -i**2 + 10*i + 25. What is c(13)?
-14
Let u(f) = -f**2 - 36*f + 74. Calculate u(-38).
-2
Let u(c) = -6*c - 7. Give u(-3).
11
Let s(b) = 4*b - 13. Calculate s(4).
3
Let w(n) = n**2 + 11*n - 16. What is w(-13)?
10
Let h(q) = -q**3 + 3*q**2 - 2*q + 4. What is h(3)?
-2
Let w(c) = 3*c - 21. Determine w(11).
12
Let f(r) = r**2 - 5*r - 1. Calculate f(8).
23
Let a(r) = 3*r**2 + 9*r + 2. Determine a(-4).
14
Let c(s) = s**3 + 6*s**2 + 5*s. Calculate c(-5).
0
Let n(k) = -k**2 - 12*k + 2. What is n(-15)?
-43
Let h(b) = b + 54. Calculate h(14).
68
Let h(d) = -6*d - 51. What is h(-9)?
3
Let g(n) = 5*n**2 - 54*n + 12. What is g(11)?
23
Let z(s) = -s**2 - 5*s - 3. Determine z(3).
-27
Let u(z) = z + 4. What is u(2)?
6
Let w(u) = 7*u**2 + 41*u + 23. What is w(-5)?
-7
Let f(q) = -5*q - 17. Determine f(-7).
18
Let l(k) = k**2 - 10*k + 3. Calculate l(10).
3
Let l(y) = -y**3 + 4*y**2 - 4*y + 2. Give l(5).
-43
Let r(c) = -4*c - 20. Determine r(-12).
28
Let i(n) = -11*n**2 + 2*n + 1. Determine i(-1).
-12
Let o(p) = p**3 - 5*p**2 - 3*p - 1. What is o(4)?
-29
Let c(p) = -p**2 - 10*p - 11. What is c(-9)?
-2
Let f(g) = g**3 + 5*g**2 + 5*g + 16. Calculate f(-7).
-117
Let o(k) = 2*k**2 + 30*k + 24. Determine o(-13).
-28
Let g(c) = -c**2 + 9*c - 10. What is g(8)?
-2
Let u(s) = s**2 - 10*s - 17. What is u(14)?
39
Let w(y) = -y**3 + 2*y**2 - 2*y + 1. Calculate w(1).
0
Let n(h) = 4*h - 2. Determine n(-6).
-26
Let j(p) = -3*p + 23. Determine j(8).
-1
Let a(l) = 2*l**3 + 4*l**2 - 3*l - 4. Calculate a(-2).
2
Let o(c) = 77*c + 3. What is o(0)?
3
Let l(f) = f**3 - 5*f**2 + 9*f - 27. What is l(5)?
18
Let h(s) = s**3 - 11*s**2 - 3*s - 10. Give h(11).
-43
Let c(i) = -3*i**2 - 8*i + 9. What is c(4)?
-71
Let s(r) = 4*r - 16. Determine s(4).
0
Let b(z) = z**3 + 8*z**2 + 17*z + 4. Give b(-5).
-6
Let s(v) = -v**3 + 12*v**2 - 15*v + 33. Give s(10).
83
Let b(i) = 14*i**2 + i. Give b(-1).
13
Let t(i) = i + 10. Calculate t(10).
20
Let k(n) = n + 12. What is k(8)?
20
Let t(b) = b**2 - 9*b - 4. Give t(7).
-18
Let r(g) = -2*g**2 + 30*g - 19. What is r(14)?
9
Let p(c) = c**3 + 2*c**2 + 8*c - 10. What is p(4)?
118
Let h(q) = -q**2 - 4*q + 7. What is h(-5)?
2
Let p(f) = f**2 + 5*f - 28. Calculate p(-9).
8
Let k(c) = -c**2 + 4*c + 19. Determine k(7).
-2
Let j(q) = 2*q**2 + 2*q - 1. What is j(-2)?
3
Let t(v) = -4*v**3 + 3*v + 2. Determine t(-2).
28
Let z(v) = v**3 + 6*v**2 - 10*v - 14. Give z(-7).
7
Let o(h) = -22*h + 126. Determine o(5).
16
Let p(t) = -t**3 - 30*t**2 - 28*t + 21. Determine p(-29).
-8
Let k(o) = o**2 + 14*o - 3. Calculate k(-14).
-3
Let l(z) = z**2 + 4*z - 3. What is l(0)?
-3
Let z(l) = -2*l - 66. Calculate z(0).
-66
Let l(q) = -q**3 - q - 10. What is l(0)?
-10
Let c(g) = g**3 - 7*g**2 + 4*g - 5. Determine c(6).
-17
Let z(q) = -11*q - 113. Give z(-9).
-14
Let y(k) = -36*k - 154. Give y(-4).
-10
Let i(l) = -8*l + 24. What is i(5)?
-16
Let i(a) = a**2 - 6*a + 41. Determine i(7).
48
Let u(d) = 4*d**2 + 33*d - 6. What is u(-8)?
-14
Let q(w) = 2*w**2 + 2*w + 3. Determine q(-6).
63
Let z(w) = -2*w**2 - 3. Give z(-4).
-35
Let b(r) = r**3 + 18*r**2 - 17*r + 47. Determine b(-19).
9
Let b(u) = u**2 - 8*u - 59. What is b(-4)?
-11
Let t(v) = -2*v**3 + 28*v**2 + 28*v + 25. Determine t(15).
-5
Let r(h) = -4*h + 22. Calculate r(9).
-14
Let z(y) = 2*y**2 - 8*y + 16. Give z(10).
136
Let n(c) = -63*c - 555. What is n(-9)?
12
Let l(b) = b**3 - 4*b**2 - 3*b + 1. Determine l(5).
11
Let g(r) = 5*r. Give g(1).
5
Let i(c) = c**2 + 20*c + 7. Determine i(-15).
-68
Let w(c) = -c**2 - 13*c - 29. Give w(-9).
7
Let q(c) = -c**3 - 37. Give q(0).
-37
Let a(z) = 6*z - 2. Give a(-2).
-14
Let c(a) = -21*a**2 - 2*a - 16. Determine c(-3).
-199
Let r(u) = 7*u - 39. Give r(-6).
-81
Let b(z) = -z**3 + 4*z**2 + 4*z - 2. What is b(5)?
-7
Let s(k) = -19*k + 45. What is s(2)?
7
Let t(o) = -o - 13. What is t(-9)?
-4
Let j(v) = -13*v**2 - 180*v + 31. Calculate j(-14).
3
Let o(h) = -h**3 - 5*h**2 + 14*h + 63. What is o(-4)?
-9
Let y(c) = 4*c - 9. What is y(-1)?
-13
Let m(n) = -4*n + 26. Calculate m(9).
-10
Let x(d) = -4*d + 6. What is x(10)?
-34
Let f(b) = -b**3 + 3*b**2 + 4*b - 4. Calculate f(4).
-4
Let d(j) = j**2 + 2*j + 2. Determine d(-4).
10
Let k(r) = -r**3 - 9*r**2 + 10*r - 6. Determine k(-10).
-6
Let w(s) = -s**2 + 6*s + 8. Calculate w(6).
8
Let w(u) = 12*u + 29. Calculate w(-7).
-55
Let j(h) = h**2 + 14*h - 4. Determine j(-16).
28
Let f(c) = c**2 - 18. What is f(-3)?
-9
Let j(o) = -o**3 - 7*o**2 - 2*o - 11. What is j(-7)?
3
Let o(r) = -r**2 - 5*r - 5. Calculate o(-10).
-55
Let g(r) = 8*r + 107. What is g(-12)?
11
Let c(h) = -h**2 - 7. Calculate c(0).
-7
Let d(k) = -2*k - 16. Determine d(-17).
18
Let k(z) = -z**3 - 2*z**2 + 12*z - 1. Give k(0).
-1
Let n(m) = -m**2 - 23*m - 143. Determine n(-12).
-11
Let r(b) = -b**3 + 10*b**2 + 10*b - 1. Give r(11).
-12
Let t(z) = 82*z - 11. Give t(1).
71
Let o(u) = -u - 3. Determine o(3).
-6
Let w(g) = -g**2 - 4*g + 3. Calculate w(2).
-9
Let y(z) = z**3 - 23*z**2 - 2*z + 43. Determine y(23).
-3
Let q(m) = -m**3 + 12*m**2 + 11*m - 21. Determine q(13).
-47
Let u(w) = 51*w**3 + w. Give u(1).
52
Let l(a) = -a**3 - 62*a**2 - 64*a - 174. What is l(-61)?
9
Let i(y) = -2*y**3 + 19*y**2 - 5*y +